{"id":521287,"date":"2026-04-13T12:26:08","date_gmt":"2026-04-13T10:26:08","guid":{"rendered":"https:\/\/myhomeimmobilier.ch\/immobilien\/1733708en-tres-bel-appartement-de-3-pieces-dans-un-quartier-calme-et-verdoyant\/"},"modified":"2026-04-27T07:42:29","modified_gmt":"2026-04-27T05:42:29","slug":"1733708en-tres-bel-appartement-de-3-pieces-dans-un-quartier-calme-et-verdoyant","status":"publish","type":"casawp_property","link":"https:\/\/myhomeimmobilier.ch\/en\/immobilien\/1733708en-tres-bel-appartement-de-3-pieces-dans-un-quartier-calme-et-verdoyant\/","title":{"rendered":"Tr\u00e8s bel appartement de 3 pi\u00e8ces dans un quartier calme et verdoyant !"},"content":{"rendered":"<p><p>Id\u00e9alement situ\u00e9 dans un quartier agr\u00e9able et proche de toutes les commodit\u00e9s (commerces, transports publics, \u00e9coles), ce magnifique appartement enti\u00e8rement r\u00e9nov\u00e9 vous s\u00e9duira par son confort et sa fonctionnalit\u00e9.<\/p>\n<p><\/p>\n<p>D&#8217;une surface d&#8217;environ 60 m2, il se compose comme suit :<\/p>\n<ul>\n<li>\n<p>Une cuisine neuve et enti\u00e8rement \u00e9quip\u00e9e, moderne et fonctionnelle, avec plan de travail en granit, plaque de cuisson vitroc\u00e9ramique et lave-vaisselle<\/p>\n<\/li>\n<li>\n<p>Un s\u00e9jour lumineux offrant un espace de vie convivial<\/p>\n<\/li>\n<li>\n<p>Deux chambres \u00e0 coucher confortables<\/p>\n<\/li>\n<li>\n<p>Une salle de bains<\/p>\n<\/li>\n<li>\n<p>Un WC<\/p>\n<\/li>\n<\/ul>\n<p>R\u00e9nov\u00e9 avec des mat\u00e9riaux de qualit\u00e9, cet appartement offre un cadre de vie agr\u00e9able et pr\u00eat \u00e0 vous accueillir dans les meilleures conditions.<\/p>\n<p><\/p>\n<p>La visite group\u00e9e aura lieu le mercredi 16 avril \u00e0 16h00. Nous vous laissons le soin de vous y inscrire via le lien suivant : <a rel=\"nofollow\" target=\"_blank\" href=\"https:\/\/flatfox.ch\/fr\/viewing\/92819\/?code=u8ltPluaaT8om9GS2WrmSkghj6uGqF66F9Vf4IQ54ls\">https:\/\/flatfox.ch\/fr\/viewing\/92819\/?code=u8ltPluaaT8om9GS2WrmSkghj6uGqF66F9Vf4IQ54ls<\/a><\/p><\/p>\n","protected":false},"excerpt":{"rendered":"<p>Id\u00e9alement situ\u00e9 dans un quartier agr\u00e9able et proche de toutes les commodit\u00e9s (commerces, transports publics, \u00e9coles), ce magnifique appartement enti\u00e8rement r\u00e9nov\u00e9 vous s\u00e9duira par son con \u2026<\/p>\n","protected":false},"author":0,"featured_media":521288,"parent":0,"menu_order":36,"comment_status":"closed","ping_status":"closed","template":"","meta":{"_acf_changed":false,"footnotes":""},"casawp_category":[119],"casawp_feature":[129],"casawp_utility":[120],"casawp_location":[123,254,124],"casawp_salestype":[121],"casawp_availability":[122],"casawp_region":[],"class_list":["post-521287","casawp_property","type-casawp_property","status-publish","has-post-thumbnail","hentry","casawp_category-apartment","casawp_feature-has-elevator","casawp_utility-residential","casawp_location-country_ch","casawp_location-locality_la-tour-de-peilz","casawp_location-region_vd","casawp_salestype-rent","casawp_availability-active"],"acf":[],"yoast_head":"<!-- This site is optimized with the Yoast SEO plugin v27.4 - https:\/\/yoast.com\/product\/yoast-seo-wordpress\/ -->\n<title>Tr\u00e8s bel appartement de 3 pi\u00e8ces dans un quartier calme et verdoyant ! MyHome Immobilier<\/title>\n<meta name=\"robots\" content=\"index, follow, max-snippet:-1, max-image-preview:large, max-video-preview:-1\" \/>\n<link rel=\"canonical\" href=\"https:\/\/myhomeimmobilier.ch\/immobilien\/1733708fr-tres-bel-appartement-de-3-pieces-dans-un-quartier-calme-et-verdoyant\/\" \/>\n<meta name=\"twitter:label1\" content=\"Est. reading time\" \/>\n\t<meta name=\"twitter:data1\" content=\"1 minute\" \/>\n<script type=\"application\/ld+json\" class=\"yoast-schema-graph\">{\"@context\":\"https:\\\/\\\/schema.org\",\"@graph\":[{\"@type\":\"WebPage\",\"@id\":\"https:\\\/\\\/myhomeimmobilier.ch\\\/immobilien\\\/1733708fr-tres-bel-appartement-de-3-pieces-dans-un-quartier-calme-et-verdoyant\\\/\",\"url\":\"https:\\\/\\\/myhomeimmobilier.ch\\\/immobilien\\\/1733708fr-tres-bel-appartement-de-3-pieces-dans-un-quartier-calme-et-verdoyant\\\/\",\"name\":\"Tr\u00e8s bel appartement de 3 pi\u00e8ces dans un quartier calme et verdoyant ! MyHome Immobilier\",\"isPartOf\":{\"@id\":\"https:\\\/\\\/myhomeimmobilier.ch\\\/#website\"},\"primaryImageOfPage\":{\"@id\":\"https:\\\/\\\/myhomeimmobilier.ch\\\/immobilien\\\/1733708fr-tres-bel-appartement-de-3-pieces-dans-un-quartier-calme-et-verdoyant\\\/#primaryimage\"},\"image\":{\"@id\":\"https:\\\/\\\/myhomeimmobilier.ch\\\/immobilien\\\/1733708fr-tres-bel-appartement-de-3-pieces-dans-un-quartier-calme-et-verdoyant\\\/#primaryimage\"},\"thumbnailUrl\":\"https:\\\/\\\/cdn.casasoft.com\\\/media\\\/provider-13725\\\/property-1733708\\\/ff0000000035127963.jpg?p=xl\",\"datePublished\":\"2026-04-13T10:26:08+00:00\",\"dateModified\":\"2026-04-27T05:42:29+00:00\",\"breadcrumb\":{\"@id\":\"https:\\\/\\\/myhomeimmobilier.ch\\\/immobilien\\\/1733708fr-tres-bel-appartement-de-3-pieces-dans-un-quartier-calme-et-verdoyant\\\/#breadcrumb\"},\"inLanguage\":\"en-US\",\"potentialAction\":[{\"@type\":\"ReadAction\",\"target\":[\"https:\\\/\\\/myhomeimmobilier.ch\\\/immobilien\\\/1733708fr-tres-bel-appartement-de-3-pieces-dans-un-quartier-calme-et-verdoyant\\\/\"]}]},{\"@type\":\"ImageObject\",\"inLanguage\":\"en-US\",\"@id\":\"https:\\\/\\\/myhomeimmobilier.ch\\\/immobilien\\\/1733708fr-tres-bel-appartement-de-3-pieces-dans-un-quartier-calme-et-verdoyant\\\/#primaryimage\",\"url\":\"https:\\\/\\\/cdn.casasoft.com\\\/media\\\/provider-13725\\\/property-1733708\\\/ff0000000035127963.jpg?p=xl\",\"contentUrl\":\"https:\\\/\\\/cdn.casasoft.com\\\/media\\\/provider-13725\\\/property-1733708\\\/ff0000000035127963.jpg?p=xl\",\"caption\":\"Murets_10_1.jpg\"},{\"@type\":\"BreadcrumbList\",\"@id\":\"https:\\\/\\\/myhomeimmobilier.ch\\\/immobilien\\\/1733708fr-tres-bel-appartement-de-3-pieces-dans-un-quartier-calme-et-verdoyant\\\/#breadcrumb\",\"itemListElement\":[{\"@type\":\"ListItem\",\"position\":1,\"name\":\"Home\",\"item\":\"https:\\\/\\\/myhomeimmobilier.ch\\\/en\\\/\"},{\"@type\":\"ListItem\",\"position\":2,\"name\":\"Properties\",\"item\":\"https:\\\/\\\/myhomeimmobilier.ch\\\/en\\\/immobilien\\\/\"},{\"@type\":\"ListItem\",\"position\":3,\"name\":\"Tr\u00e8s bel appartement de 3 pi\u00e8ces dans un quartier calme et verdoyant !\"}]},{\"@type\":\"WebSite\",\"@id\":\"https:\\\/\\\/myhomeimmobilier.ch\\\/#website\",\"url\":\"https:\\\/\\\/myhomeimmobilier.ch\\\/\",\"name\":\"MyHome Immobilier\",\"description\":\"\",\"potentialAction\":[{\"@type\":\"SearchAction\",\"target\":{\"@type\":\"EntryPoint\",\"urlTemplate\":\"https:\\\/\\\/myhomeimmobilier.ch\\\/?s={search_term_string}\"},\"query-input\":{\"@type\":\"PropertyValueSpecification\",\"valueRequired\":true,\"valueName\":\"search_term_string\"}}],\"inLanguage\":\"en-US\"}]}<\/script>\n<!-- \/ Yoast SEO plugin. -->","yoast_head_json":{"title":"Tr\u00e8s bel appartement de 3 pi\u00e8ces dans un quartier calme et verdoyant ! MyHome Immobilier","robots":{"index":"index","follow":"follow","max-snippet":"max-snippet:-1","max-image-preview":"max-image-preview:large","max-video-preview":"max-video-preview:-1"},"canonical":"https:\/\/myhomeimmobilier.ch\/immobilien\/1733708fr-tres-bel-appartement-de-3-pieces-dans-un-quartier-calme-et-verdoyant\/","twitter_misc":{"Est. reading time":"1 minute"},"schema":{"@context":"https:\/\/schema.org","@graph":[{"@type":"WebPage","@id":"https:\/\/myhomeimmobilier.ch\/immobilien\/1733708fr-tres-bel-appartement-de-3-pieces-dans-un-quartier-calme-et-verdoyant\/","url":"https:\/\/myhomeimmobilier.ch\/immobilien\/1733708fr-tres-bel-appartement-de-3-pieces-dans-un-quartier-calme-et-verdoyant\/","name":"Tr\u00e8s bel appartement de 3 pi\u00e8ces dans un quartier calme et verdoyant ! MyHome Immobilier","isPartOf":{"@id":"https:\/\/myhomeimmobilier.ch\/#website"},"primaryImageOfPage":{"@id":"https:\/\/myhomeimmobilier.ch\/immobilien\/1733708fr-tres-bel-appartement-de-3-pieces-dans-un-quartier-calme-et-verdoyant\/#primaryimage"},"image":{"@id":"https:\/\/myhomeimmobilier.ch\/immobilien\/1733708fr-tres-bel-appartement-de-3-pieces-dans-un-quartier-calme-et-verdoyant\/#primaryimage"},"thumbnailUrl":"https:\/\/cdn.casasoft.com\/media\/provider-13725\/property-1733708\/ff0000000035127963.jpg?p=xl","datePublished":"2026-04-13T10:26:08+00:00","dateModified":"2026-04-27T05:42:29+00:00","breadcrumb":{"@id":"https:\/\/myhomeimmobilier.ch\/immobilien\/1733708fr-tres-bel-appartement-de-3-pieces-dans-un-quartier-calme-et-verdoyant\/#breadcrumb"},"inLanguage":"en-US","potentialAction":[{"@type":"ReadAction","target":["https:\/\/myhomeimmobilier.ch\/immobilien\/1733708fr-tres-bel-appartement-de-3-pieces-dans-un-quartier-calme-et-verdoyant\/"]}]},{"@type":"ImageObject","inLanguage":"en-US","@id":"https:\/\/myhomeimmobilier.ch\/immobilien\/1733708fr-tres-bel-appartement-de-3-pieces-dans-un-quartier-calme-et-verdoyant\/#primaryimage","url":"https:\/\/cdn.casasoft.com\/media\/provider-13725\/property-1733708\/ff0000000035127963.jpg?p=xl","contentUrl":"https:\/\/cdn.casasoft.com\/media\/provider-13725\/property-1733708\/ff0000000035127963.jpg?p=xl","caption":"Murets_10_1.jpg"},{"@type":"BreadcrumbList","@id":"https:\/\/myhomeimmobilier.ch\/immobilien\/1733708fr-tres-bel-appartement-de-3-pieces-dans-un-quartier-calme-et-verdoyant\/#breadcrumb","itemListElement":[{"@type":"ListItem","position":1,"name":"Home","item":"https:\/\/myhomeimmobilier.ch\/en\/"},{"@type":"ListItem","position":2,"name":"Properties","item":"https:\/\/myhomeimmobilier.ch\/en\/immobilien\/"},{"@type":"ListItem","position":3,"name":"Tr\u00e8s bel appartement de 3 pi\u00e8ces dans un quartier calme et verdoyant !"}]},{"@type":"WebSite","@id":"https:\/\/myhomeimmobilier.ch\/#website","url":"https:\/\/myhomeimmobilier.ch\/","name":"MyHome Immobilier","description":"","potentialAction":[{"@type":"SearchAction","target":{"@type":"EntryPoint","urlTemplate":"https:\/\/myhomeimmobilier.ch\/?s={search_term_string}"},"query-input":{"@type":"PropertyValueSpecification","valueRequired":true,"valueName":"search_term_string"}}],"inLanguage":"en-US"}]}},"_links":{"self":[{"href":"https:\/\/myhomeimmobilier.ch\/en\/wp-json\/wp\/v2\/casawp_property\/521287","targetHints":{"allow":["GET"]}}],"collection":[{"href":"https:\/\/myhomeimmobilier.ch\/en\/wp-json\/wp\/v2\/casawp_property"}],"about":[{"href":"https:\/\/myhomeimmobilier.ch\/en\/wp-json\/wp\/v2\/types\/casawp_property"}],"replies":[{"embeddable":true,"href":"https:\/\/myhomeimmobilier.ch\/en\/wp-json\/wp\/v2\/comments?post=521287"}],"version-history":[{"count":0,"href":"https:\/\/myhomeimmobilier.ch\/en\/wp-json\/wp\/v2\/casawp_property\/521287\/revisions"}],"wp:featuredmedia":[{"embeddable":true,"href":"https:\/\/myhomeimmobilier.ch\/en\/wp-json\/wp\/v2\/media\/521288"}],"wp:attachment":[{"href":"https:\/\/myhomeimmobilier.ch\/en\/wp-json\/wp\/v2\/media?parent=521287"}],"wp:term":[{"taxonomy":"casawp_category","embeddable":true,"href":"https:\/\/myhomeimmobilier.ch\/en\/wp-json\/wp\/v2\/casawp_category?post=521287"},{"taxonomy":"casawp_feature","embeddable":true,"href":"https:\/\/myhomeimmobilier.ch\/en\/wp-json\/wp\/v2\/casawp_feature?post=521287"},{"taxonomy":"casawp_utility","embeddable":true,"href":"https:\/\/myhomeimmobilier.ch\/en\/wp-json\/wp\/v2\/casawp_utility?post=521287"},{"taxonomy":"casawp_location","embeddable":true,"href":"https:\/\/myhomeimmobilier.ch\/en\/wp-json\/wp\/v2\/casawp_location?post=521287"},{"taxonomy":"casawp_salestype","embeddable":true,"href":"https:\/\/myhomeimmobilier.ch\/en\/wp-json\/wp\/v2\/casawp_salestype?post=521287"},{"taxonomy":"casawp_availability","embeddable":true,"href":"https:\/\/myhomeimmobilier.ch\/en\/wp-json\/wp\/v2\/casawp_availability?post=521287"},{"taxonomy":"casawp_region","embeddable":true,"href":"https:\/\/myhomeimmobilier.ch\/en\/wp-json\/wp\/v2\/casawp_region?post=521287"}],"curies":[{"name":"wp","href":"https:\/\/api.w.org\/{rel}","templated":true}]}}

Très bel appartement de 3 pièces dans un quartier calme et verdoyant !

<p><p>Idéalement situé dans un quartier agréable et proche de toutes les commodités (commerces, transports publics, écoles), ce magnifique appartement entièrement rénové vous séduira par son confort et sa fonctionnalité.</p>
<p></p>
<p>D&#8217;une surface d&#8217;environ 60 m2, il se compose comme suit :</p>
<ul>
<li>
<p>Une cuisine neuve et entièrement équipée, moderne et fonctionnelle, avec plan de travail en granit, plaque de cuisson vitrocéramique et lave-vaisselle</p>
</li>
<li>
<p>Un séjour lumineux offrant un espace de vie convivial</p>
</li>
<li>
<p>Deux chambres à coucher confortables</p>
</li>
<li>
<p>Une salle de bains</p>
</li>
<li>
<p>Un WC</p>
</li>
</ul>
<p>Rénové avec des matériaux de qualité, cet appartement offre un cadre de vie agréable et prêt à vous accueillir dans les meilleures conditions.</p>
<p></p>
<p>La visite groupée aura lieu le mercredi 16 avril à 16h00. Nous vous laissons le soin de vous y inscrire via le lien suivant : <a rel="nofollow" target="_blank" href="https://flatfox.ch/fr/viewing/92819/?code=u8ltPluaaT8om9GS2WrmSkghj6uGqF66F9Vf4IQ54ls">https://flatfox.ch/fr/viewing/92819/?code=u8ltPluaaT8om9GS2WrmSkghj6uGqF66F9Vf4IQ54ls</a></p></p>

<p>Idéalement situé dans un quartier agréable et proche de toutes les commodités (commerces, transports publics, écoles), ce magnifique appartement entièrement rénové vous séduira par son con …</p>

<!-- This site is optimized with the Yoast SEO plugin v27.4 - https://yoast.com/product/yoast-seo-wordpress/ -->
<title>Très bel appartement de 3 pièces dans un quartier calme et verdoyant ! MyHome Immobilier</title>
<meta name="robots" content="index, follow, max-snippet:-1, max-image-preview:large, max-video-preview:-1" />
<link rel="canonical" href="https://myhomeimmobilier.ch/immobilien/1733708fr-tres-bel-appartement-de-3-pieces-dans-un-quartier-calme-et-verdoyant/" />
<meta name="twitter:label1" content="Est. reading time" />
	<meta name="twitter:data1" content="1 minute" />
<script type="application/ld+json" class="yoast-schema-graph">{"@context":"https:\/\/schema.org","@graph":[{"@type":"WebPage","@id":"https:\/\/myhomeimmobilier.ch\/immobilien\/1733708fr-tres-bel-appartement-de-3-pieces-dans-un-quartier-calme-et-verdoyant\/","url":"https:\/\/myhomeimmobilier.ch\/immobilien\/1733708fr-tres-bel-appartement-de-3-pieces-dans-un-quartier-calme-et-verdoyant\/","name":"Très bel appartement de 3 pièces dans un quartier calme et verdoyant ! MyHome Immobilier","isPartOf":{"@id":"https:\/\/myhomeimmobilier.ch\/#website"},"primaryImageOfPage":{"@id":"https:\/\/myhomeimmobilier.ch\/immobilien\/1733708fr-tres-bel-appartement-de-3-pieces-dans-un-quartier-calme-et-verdoyant\/#primaryimage"},"image":{"@id":"https:\/\/myhomeimmobilier.ch\/immobilien\/1733708fr-tres-bel-appartement-de-3-pieces-dans-un-quartier-calme-et-verdoyant\/#primaryimage"},"thumbnailUrl":"https:\/\/cdn.casasoft.com\/media\/provider-13725\/property-1733708\/ff0000000035127963.jpg?p=xl","datePublished":"2026-04-13T10:26:08+00:00","dateModified":"2026-04-27T05:42:29+00:00","breadcrumb":{"@id":"https:\/\/myhomeimmobilier.ch\/immobilien\/1733708fr-tres-bel-appartement-de-3-pieces-dans-un-quartier-calme-et-verdoyant\/#breadcrumb"},"inLanguage":"en-US","potentialAction":[{"@type":"ReadAction","target":["https:\/\/myhomeimmobilier.ch\/immobilien\/1733708fr-tres-bel-appartement-de-3-pieces-dans-un-quartier-calme-et-verdoyant\/"]}]},{"@type":"ImageObject","inLanguage":"en-US","@id":"https:\/\/myhomeimmobilier.ch\/immobilien\/1733708fr-tres-bel-appartement-de-3-pieces-dans-un-quartier-calme-et-verdoyant\/#primaryimage","url":"https:\/\/cdn.casasoft.com\/media\/provider-13725\/property-1733708\/ff0000000035127963.jpg?p=xl","contentUrl":"https:\/\/cdn.casasoft.com\/media\/provider-13725\/property-1733708\/ff0000000035127963.jpg?p=xl","caption":"Murets_10_1.jpg"},{"@type":"BreadcrumbList","@id":"https:\/\/myhomeimmobilier.ch\/immobilien\/1733708fr-tres-bel-appartement-de-3-pieces-dans-un-quartier-calme-et-verdoyant\/#breadcrumb","itemListElement":[{"@type":"ListItem","position":1,"name":"Home","item":"https:\/\/myhomeimmobilier.ch\/en\/"},{"@type":"ListItem","position":2,"name":"Properties","item":"https:\/\/myhomeimmobilier.ch\/en\/immobilien\/"},{"@type":"ListItem","position":3,"name":"Très bel appartement de 3 pièces dans un quartier calme et verdoyant !"}]},{"@type":"WebSite","@id":"https:\/\/myhomeimmobilier.ch\/#website","url":"https:\/\/myhomeimmobilier.ch\/","name":"MyHome Immobilier","description":"","potentialAction":[{"@type":"SearchAction","target":{"@type":"EntryPoint","urlTemplate":"https:\/\/myhomeimmobilier.ch\/?s={search_term_string}"},"query-input":{"@type":"PropertyValueSpecification","valueRequired":true,"valueName":"search_term_string"}}],"inLanguage":"en-US"}]}</script>
<!-- / Yoast SEO plugin. -->

Très bel appartement de 3 pièces dans un quartier calme et verdoyant ! MyHome Immobilier
